- 2*s + 12 = -3*s. Suppose x*h = -2*d + 65, -3*d - o*h - 110 = -8*d. List the prime factors of d.
5
Suppose 3*i + 12 = 15. Let n be (0 - i) + (215 - -9). Suppose -107 = -3*p + 2*u, 5*p - n = 5*u - 38. What are the prime factors of p?
3, 11
Suppose 282*g = -5*z + 279*g + 114492, -g = -2*z + 45788. List the prime factors of z.
2, 3, 53
Suppose 0 = 20*l + 703 + 1637. List the prime factors of (39/l)/((-1)/108).
2, 3
Let k = 80 + 12. Let w = k - 16. Suppose 2*a - w = -0*a. What are the prime factors of a?
2, 19
Let m = -3164 - -6825. Let b = -2256 + m. List the prime factors of b.
5, 281
Let q be -1*((-100)/60)/((-1)/(-3)). Suppose q*d - 22 = 3, -3*s + 191 = -2*d. List the prime factors of s.
67
Suppose -3*k + k + 8 = 0, 22 = -3*m + k. Let d be m/(-6)*(1 + 349). Suppose -4*s + 3*c = -d, -5*s + 2*c = -c - 439. What are the prime factors of s?
89
Let g(f) be the first derivative of f**3/3 - 9*f**2 + 22*f - 46. Let q be g(17). Suppose -r + q*i + 41 = -39, 0 = -5*r + 2*i + 377. List the prime factors of r.
3, 5
Suppose -74*o = -67*o + 42. List the prime factors of -4*(o + -2022)/6.
2, 13
Let g = 142544 + -101333. List the prime factors of g.
3, 19, 241
Let q be 487920/112 + 9/(-21). Suppose -8*g + q + 2428 = 0. List the prime factors of g.
2, 53
Let m = -957 - -14417. What are the prime factors of m?
2, 5, 673
Suppose -2*t - 3*m = -63717, -m - 38849 + 198161 = 5*t. List the prime factors of t.
3, 13, 19, 43
Suppose -i - 2*v + 1233 = 0, 0*v = 5*i - 3*v - 6243. List the prime factors of i.
3, 5, 83
Suppose -5*y = -k - 11533 + 2893, 3*y - 3*k - 5184 = 0. Suppose -y = 4*a + 2*a. Let r = a - -472. What are the prime factors of r?
2, 23
Let o(h) = 4*h**2 + 24*h + 3. Let z be o(-6). Suppose 18 - 12 = z*c. What are the prime factors of ((-7)/c - 2)/((-4)/104)?
11, 13
Suppose -6*g = 20 - 56. What are the prime factors of (120/(-21))/(g/(-651))?
2, 5, 31
Let l(s) = -5*s - 19. Let w be l(-4). Let h(b) = 825*b**3 - 2*b**2 + 4*b - 3. What are the prime factors of h(w)?
2, 103
Let d = -1053 + 1168. List the prime factors of d.
5, 23
Let s be 21*(10/15)/1. Suppose -3455 + 109 = -s*g. What are the prime factors of g?
239
Suppose -z = 5*h - 4*h - 26, z = 4. Suppose -9*p = -h*p + 2028. What are the prime factors of p?
2, 3, 13
Let n(w) = -275*w**3 - w**2 + 2*w + 2. Suppose -o + 15 = 5*r + 3*o, 2*r + 3*o - 13 = 0. What are the prime factors of n(r)?
2, 137
Suppose 167*a = 7*a + 2807680. List the prime factors of a.
2, 41, 107
Suppose -24 = -8*x + 2*x. Let p(c) = -55*c + 20. Let v be p(-3). Suppose 0 = 3*u + 2*w - v, -x*u + 3*w + w = -260. What are the prime factors of u?
3, 7
Suppose 834132 + 777836 = 64*a. What are the prime factors of a?
89, 283
Let f = -1164 + 4784. What are the prime factors of f?
2, 5, 181
Let o(s) = -17*s**2 - 5*s + 10. Let u(k) = -14*k**2 - 4*k + 9. Let b(x) = 2*o(x) - 3*u(x). List the prime factors of b(-8).
3, 163
Suppose -i = 4*s - 67, 3*i + 4*s + 11 - 196 = 0. Let t = 35 - i. Let u = 11 - t. List the prime factors of u.
5, 7
Suppose 2*y + 306 = -770. Let p = -247 - y. What are the prime factors of p?
3, 97
Let t = -6149 + 10550. What are the prime factors of t?
3, 163
Let t be 4*8 - 24/(-24). Suppose -3 + t = 6*u. Suppose -u*q + 5148 = 13*q. List the prime factors of q.
2, 11, 13
Let z = 160 - 550. Let j = 43 - z. List the prime factors of j.
433
Suppose 0 = 4*c - 5*z - 45521 - 18493, -5*c + 4*z + 80031 = 0. What are the prime factors of c?
3, 593
Let h(i) = i**3 - 6*i**2 - 2. Let l be 59/4 + -1 - 2/(-8). List the prime factors of h(l).
2, 3, 29
Let l = 14076 + -1920. What are the prime factors of l?
2, 3, 1013
Let d(n) = -7*n + 102 + 10*n**2 - 111 - 8*n**2. Let f(h) = h**2 + 8. Let p be f(0). What are the prime factors of d(p)?
3, 7
Suppose 5*a + 0*m + 3*m - 102 = 0, -2*a = -2*m - 28. Suppose 42*f - 12600 = a*f. List the prime factors of f.
3, 5, 7
Suppose 11*s + 113 = -514. List the prime factors of s/(-12) - (-12)/(-16) - -318.
2, 7, 23
Suppose 2*i + 172 + 476 = 0. Let h = i + 547. Suppose -2*k + 119 = -0*q - q, 4*k = -q + h. What are the prime factors of k?
3, 19
Suppose 663 = u - 3*d, -2*u + 3*d = -432 - 888. Let t = u + -267. List the prime factors of t.
2, 3, 5, 13
Suppose -3*j = -22 - 23. Let g = j + 4. What are the prime factors of g?
19
Suppose 0 = 76*n + 8*n - 465948. List the prime factors of n.
3, 43
Let s(z) = -z**3 - 32*z**2 - 254*z - 14. What are the prime factors of s(-21)?
7, 67
Let x(a) = 70*a**3 - a**2 - 2*a - 1. Let y be x(-1). Let b = 148 + y. Let s = -35 + b. What are the prime factors of s?
43
What are the prime factors of 6378/1 + (58 - 42)?
2, 23, 139
Suppose -7*j + 2*j - 4821 = -3*f, 3*j - 4821 = -3*f. List the prime factors of f.
1607
Suppose 72 = -5*a + 3*o, a - 4*o + 20 = -2*o. Let x(z) = -3*z - 37. Let f be x(a). What are the prime factors of 4 + -2 - 12*f/2?
2
Let s = 2793 + 21213. What are the prime factors of s?
2, 3, 4001
Let p be (-11)/((-3)/(-108)*6). Let q = p + 234. What are the prime factors of q?
2, 3, 7
Suppose 2*w - 34611 = 5*p, 0 = 4*w + 2*p - 111877 + 42691. What are the prime factors of w?
2, 3, 31
Let k(j) be the first derivative of -3*j**4 - 2*j**3/3 + 7*j**2/2 + 4*j + 243. List the prime factors of k(-4).
2, 89
List the prime factors of (5460/(-130))/(2/(-45)).
3, 5, 7
Let w be 33/22 - (-1)/2. Suppose -3*d + 485 = -3*u - 805, 5*u + 875 = w*d. List the prime factors of d.
5, 17
Let z(j) be the first derivative of 26*j**3 + 17*j**2/2 + 82. List the prime factors of z(-3).
3, 7, 31
Let s(x) = -92*x + 1729. List the prime factors of s(-35).
7, 101
Let d(m) = 9320*m**2 + 10*m + 61. What are the prime factors of d(2)?
37361
Let u = 14284 - -16594. What are the prime factors of u?
2, 15439
Let j = -1077 - -638. List the prime factors of 2 - (-2 - j/(-1)).
443
Suppose 26160 = 12*u + 4*u. What are the prime factors of u?
3, 5, 109
Let k = 3633 + -6115. List the prime factors of (k/(-119))/((-2)/(-28)).
2, 73
Let n(s) = -33*s**2 + 26*s - 66. Let g be n(6). Let v = -611 - g. List the prime factors of v.
487
Suppose -f + 3*j + 4 = 0, 3*f = -j - j + 23. Let m(p) = 7*p - 43. List the prime factors of m(f).
2, 3
Suppose 0 = -3*j - 22*j + 282955 + 407545. List the prime factors of j.
2, 5, 1381
Let b(t) = -t**3 + 8*t**2 + 8*t - 9. Let l(f) = 2*f**2 - 7. Let r be l(0). Let h(y) = -2*y - 10. Let k be h(r). What are the prime factors of b(k)?
3, 29
Suppose 0*p - 47*p - 21608 + 660855 = 0. List the prime factors of p.
7, 29, 67
Let l(v) = 37*v**2 + 2*v - 15. Let i(z) = z**3 - 20*z**2 - 45*z + 25. Let m be i(22). What are the prime factors of l(m)?
2, 3
Let c = -4762 + 9559. List the prime factors of c.
3, 13, 41
What are the prime factors of 28/(-4) + 4431/(-3 - -10)?
2, 313
Suppose o - 5*t = 2227, -5*o - 2*t = -0*o - 11000. Suppose -k + 2*u + 564 = 128, o = 5*k + u. List the prime factors of k.
2, 5, 11
Let u = -14 - -15. Let j be (-8 + u)*(-78)/91. What are the prime factors of (-1639)/(-22) - j/(-4)?
2, 19
Let c(i) = -45*i. Let m = 40 + -36. Suppose 2*o = -3*u - 9, -2*u + m*o + 10 = -0. What are the prime factors of c(u)?
3, 5
Let p be (-2 - 2)/8 + (-4290)/(-4). Suppose 4*d = 28*a - 32*a + p, d = 2*a - 539. List the prime factors of a.
269
Let f(i) be the third derivative of -i**5/60 + i**4 - 2354*i**2. Let b = 22 - 3. What are the prime factors of f(b)?
5, 19
Let y = -8936 - -21471. List the prime factors of y.
5, 23, 109
Let b = 191 + -284. What are the prime factors of 1*(-2)/6*b?
31
Let o be (-64)/(-6) + (-70)/105. Suppose -o*s = -9 - 131. What are the prime factors of s?
2, 7
Suppose 615*f - 11120 = 610*f. Suppose 0 = 763*c - 765*c + f. List the prime factors of c.
2, 139
Let i(p) = -p**3 - 10*p**2 - 26*p - 65. Let c be i(-7). List the prime factors of 6*2/c*(4 - 2034).
2, 7, 29
Suppose 48*a - 135113 - 18511 = 87000. List the prime factors of a.
3, 557
Let y = -54566 - -100880. What are the prime factors of y?
2, 3, 31, 83
Let m = 9833 + -6762. What are the prime factors of m?
37, 83
Let i(d) = -482*d + 16702. List the prime factors of i(22).
2, 3049
Let j be (-52)/(-65)*5/2. Let y be 3/(6/(-16))*j*-1. Suppose -t = -w - y - 9, -2*t = 2*w - 62. List the prime factors of t.
2, 7
Suppose 12*w = 19*w + 77. Let l(i) be the third derivative of -5*i**4/24 + 7*i**3/6 - i**2. List the prime factors of l(w).
2,